
0
What is the value of -2 + (6 - 2) + (0 - -1)?
3
What is the value of 12 + (3 - -3 - 14)?
4
What is the value of 3 - ((-15 - -19) + (-1 - -2))?
-2
Evaluate (3 - (12 - 6)) + (1 - -3).
1
8 + (3 - -2) + -13
0
11 + -3 - 4 - 5
-1
-1 + (-6 - 0) + (-4 - -7)
-4
Evaluate (0 - 9) + 7 + -2.
-4
What is the value of -2 - (3 + 1 + -3 + -3)?
0
What is the value of (2 - -5 - 7) + (-2 - -8)?
6
3 + (-2 - (0 - -3)) + -5
-7
Evaluate 1 - (-21 + 11) - 18.
-7
What is the value of -67 + 63 + -2 + 1?
-5
(4 - (4 + -2)) + -4
-2
Evaluate -1 + 4 - -3 - (5 - 2).
3
Evaluate 3 - 3 - (-6 - 1).
7
What is 7 + (-2 - 1 - -1) + -8?
-3
What is 0 + 2 + (3 + 3 - 6)?
2
7 - (-4 - (-8 - 0))
3
What is -2 + 5 + -1 + 4?
6
11 - 3 - (23 - 8)
-7
Calculate 1 + 7 - (3 - (0 - 7)).
-2
Calculate 4 - (3 - -1) - -1.
1
(3 - (-4 + 4)) + 2
5
Calculate -20 + 20 + -1 + -4.
-5
Evaluate -7 + (2 - 0) + (-14 - -19).
0
What is the value of -1 + -5 - (41 + -45)?
-2
Evaluate 9 + -9 + -2 + 0.
-2
(-1 - -3 - 2) + (2 - 2)
0
What is 0 + 2 + -2 - (5 - 6)?
1
Calculate 3 - (4 - (2 - (1 - 0))).
0
0 + -23 + 12 + 10
-1
Evaluate -2 + 3 + (1 - -2) + -7.
-3
Calculate 3 - ((-1 - 0) + 6).
-2
-6 - (-1 + 2 + -4 + 1)
-4
Evaluate (-14 - -13) + -1 + 4.
2
Evaluate (-3 + (5 - 11) - -1) + 3.
-5
What is the value of -9 - (6 - 8 - 16)?
9
Evaluate -1 - (-8 - -9 - 5).
3
Evaluate 1 + 6 + 2 + -3 + -3.
3
1 - (-8 - (3 + -5)) - 1
6
What is -7 - (-6 + -2 + 1)?
0
What is (0 - -2) + (189 - 182)?
9
1 - (4 - 2) - -4
3
(-3 - -2 - -2) + 2 + 0
3
1 - (3 - 4 - (-1 + -3))
-2
Evaluate (-13 - -4) + 12 - (7 + 1).
-5
What is 0 - (0 - (3 - 5)) - -6?
4
What is the value of 1 + -4 + 4 + -2 + -1?
-2
(-8 - -7) + (3 - (2 + -4))
4
Calculate 1 - (-11 + 18 + -5 + 1).
-2
(-4 + 1 - -1) + 0 + 1
-1
Evaluate 3 + 4 + -1 + (2 - 7).
1
What is -1 - 7 - (12 + -7 - 8)?
-5
What is the value of -16 + 14 + (-4 - 2) + -3?
-11
Calculate (3 - 2) + -8 - -5.
-2
Evaluate 8 + (-10 - -3 - -7).
8
What is (4 - -3) + 1 - 11?
-3
7 + (10 - 3) + -7 - 13
-6
-11 + (4 - 0) - (-6 + 0)
-1
What is -10 + 1 + (-4 - -9)?
-4
Calculate -4 - (1 + -5 + 3).
-3
Calculate -1 + 2 - (0 + -1 + 0).
2
-7 + 3 + 1 + 1 + 7
5
Evaluate (-2 - -8 - 17 - -6) + -1.
-6
Calculate -7 - (2 + (5 - 19)).
5
What is the value of (-8 - -10) + (-4 + 5 - 2)?
1
Calculate (2 - 8) + (0 - 4) + 7.
-3
Evaluate (-6 - 1) + (-3 + 0 - -5).
-5
Calculate 3 + (2 - 3) + -5 - 0.
-3
Evaluate (-1 - -5 - 0) + -7.
-3
Evaluate -6 - (2 - (6 - 3)).
-5
Calculate 2 - 2 - (10 - 24 - -10).
4
Evaluate -33 + 32 - (-9 + 2 + 1).
5
What is (-6 - (8 - 15)) + 6 + -2?
5
What is (-2 + 0 - 0 - 9) + 8?
-3
Evaluate -4 - (5 + (-5 - 1)).
-3
Evaluate 1 + -4 + 0 + 14 - 6.
5
What is the value of -2 - ((1 + -2 - 5) + 11)?
-7
Calculate -1 + (-9 - (-6 + -1)) - -6.
3
What is -63 + 55 + 0 + 2?
-6
What is -3 + (-1 - (0 + 0))?
-4
What is 7 + (4 - (9 + 2)) - 5?
-5
(-2 + (-1 - -5) - -7) + -7
2
What is 10 + 1 - (12 + 10 - 19)?
8
What is 3 - (11 - 3) - (-21 + 17)?
-1
What is the value of -1 - (-7 + 11 + 0)?
-5
What is -6 + 0 - -5 - 1?
-2
Evaluate 5 - (5 - -1) - 3.
-4
What is the value of 5 + -4 - 2 - -1?
0
What is (-17 - (-10 - 5)) + 1 + -2?
-3
What is the value of -2 + 1 + 5 + -2 + -3?
-1
Calculate (1 - 0) + -2 + 1 - -2.
2
Calculate -2 + 5 + (-3 - -14) - 6.
8
What is the value of (30 - 4) + -4 + -6 - 7?
9
(-5 - -2) + (1 - 3)
-5
What is the value of 0 + 6 - (7 + 1)?
-2
Calculate -3 + 0 + -5 + 4.
-4
1 + (-6 + 15 - 6)
4
What is -2 + (5 + 6 - 3)?
6
(-4 + 1 - -1) + -2 + 1
-3
Calculate 0 + 5 - (17 - (-7 - -15)).
-4
What is -5 + -1 - (68 + -70)?
-4
What is the value of 0 + (4 - (5 + -4)) + 0?
3
Calculate (-2 - -4 - 2) + (16 - 16).
0
What is 3 + (-1 - 6 - -1) + 4?
1
Evaluate (2 - (-2 + 4) - -4) + 0.
4
What is 8 + (-4 - -8) + -3?
9
2 - 8 - (-2 - -1)
-5
What is 1 + 1 + (-5 - (5 - 11))?
3
What is -7 + (3 - (1 + 0))?
-5
What is the value of 4 + -4 + -5 + -1?
-6
-5 + (2 - (-5 - -3)) + 4
3
(-49 - -34) + (3 - -2)
-10
Evaluate 5 + -1 - (-9 - -9 - -8).
-4
Evaluate (-1 - -2 - 2) + 5.
4
-2 + 3 + (-7 - (-15 - -9))
0
What is (-6 + 2 - -3) + 1?
0
What is the value of (-1 - -3) + (4 - 4)?
2
-3 - (6 + -10 + 5)
-4
Calculate 0 - 2 - (46 - 45).
-3
Calculate (4 - 0) + 0 + -7.
-3
Evaluate (4 - (-3 + 5)) + 1 + -5.
-2
What is (1 - 6) + 7 + 0?
2
What is the value of 4 - ((4 - -3) + (3 - 4))?
-2
What is (4 - (2 + -2)) + -8 + -1?
-5
-1 - -9 - ((5 - -2) + -4)
5
What is (6 - 20) + 3 + 4?
-7
What is the value of 6 + (-2 - -2) + -5?
1
What is 0 + 8 + (-1 - 8) + 6?
5
What is the value of 2 + (-1 - 0) + 0?
1
7 - 6 - (2 - 5)
4
Evaluate (0 + 1 - -3) + -6.
-2
What is -11 + (-8 + 4 - -7)?
-8
What is the value of -6 - (2 + 0 + -3 + 3)?
-8
Calculate -8 - -11 - (-1 + -2).
6
Evaluate 9 - (-7 - (-2 - 8)).
6
Evaluate -7 + (-5 - (-6 + -4)).
-2
Calculate 16 + -10 - 13 - (-2 - 0).
-5
Calculate (2 - 6) + 3 + (3 - 2).
0
-2 - ((-8 - (-6 - -3)) + 8)
-5
Calculate -5 + (0 + -4 - -6).
-3
Calculate 0 + -5 + 9 + -4.
0
Calculate 2 + -3 - (0 + -1 - 2).
2
What is the value of (-9 - (-4 + 4) - -3) + 3?
-3
Evaluate (-2 - (-4 + 3)) + 4.
3
-1 + -1 - -3 - 1 - -4
4
Evaluate 0 + 5 + (-13 + 7 - -2).
1
Evaluate 1 + 15 + -15 + (-1 - -4).
4
Evaluate 0 + 3 - (-9 - (10 + -25)).
-3
Evaluate (0 - 2 - -2) + 2 + -5.
-3
4 + (-1 + (3 - 1) - 7)
-2
7 + 1 + -9 + 2
1
What is the value of (3 - 5) + (7 - 8)?
-3
What is -1 + 0 + (8 - 29) + 15?
-7
(-1 - -4 - 5 - 0) + 6
4
Calculate -5 + 6 - (-1 - 3 - 1).
6
What is the value of (2 - -6) + -3 + 0?
5
What is the value of -15 - (-22 - 1) - (2 - -9)?
-3
Evaluate (2 + -3 - -3) + (3 - 1).
4
What is the value of (15 - 26) + (-4 - -10) + -2?
-7
What is the value of (-4 - 7) + 3 - -8?
0
Evaluate 3 - (14 + -5) - (-2 + -1).
-3
What is (-3 + (-2 - -11) - 2) + -3?
1
Calculate 0 - (5 - -1) - (0 + -3).
-3
Calculate 9 + (-1 - 6) - -4.
6
Calculate -6 - ((1 - 5) + 4 + -5).
-1
Calculate (-7 - 1) + 0 + 6.
-2
2 - 0 - 5 - (12 + -11)
-4
What is the value of -6 + (-5 - -20 - 7)?
2
What is the value of 4 - (3 + -2) - 4?
-1
What is -1 - (-17 - (-7 - 2))?
7
7 + (2 - 8) + 10 + -4
7
0 - 16 - (45 - 54)
-7
-10 - -11 - (-1 - -1 - -2)
-1
Calculate 10 + -3 - (-2 - -8 - 4).
5
What is the value of (-1 - -5) + (-6 - 2) + 9?
5
What is -4 - (4 + -9) - 6?
-5
Calculate -3 + (7 + 10 - 10).
4
Calculate 5 + -9 - 2 - -3.
-3
What is the value of -4 - -7 - (-13 - -3 - -6)?
7
10 - (-6 - -15 - 2)
3
Evaluate (-5 - -3 - 5) + 7.
0
What is (-1 - 1) + -7 + 8 + 6?
5
(-1 + 2 - (-3 - -5)) + 2
1
Evaluate (0 - (-6 + 1)) + -23 + 18.
0
0 + (0 - 3) - (185 + -192)
4
0 + -18 + 12 - -4
-2
Calculate 4 + -2 - (-2 + (-3 - -4)).
3
What is the value of 4 + 8 + -17 + 6?
1
What is -2 - (-6 - -9 - 11)?
6
-7 + (1 - -3) + 2 - 1
-2
-5 + (-6 - (3 + -19))
5
What is the value of -5 + (11 - 6 - 1)?
-1
What is -6 + (4 - -12 - 2)?
8
Evaluate -10 - (-1 + -2 + 1).
-8
What is -6 + 5 + 1 + -1?
-1
Evaluate -8 + 7 + -2 + -1.
-4
Evaluate 2 - (2 - (5 + -9 - -11)).
7
What is (2 - -10) + 43 + -48?
7
8 + (10 + -5 - 11)
2
6 - (-8 - -5) - 5
4
Calculate -19 + 20 + (-1 - -1).
1
What is the value of -6 + (7 - 3) + (19 - 13)?
4
-4 - -6 - (7 + -3)
-2
Evaluate 2 + -21 - -15 - (-1 - 4).
1
What is 21 + -17 + 0 + -2 + -3?
-1
What is 2 + -3 + 4 + 0?
3
-3 + 1 + (-5 - -4) - -4
1
(1 - -1 - (-8 + 16)) + -1
-7
Calculate 12 - 1 - (-46 - -53).
4
Evaluate 5 + (-6 - -4) - (-3 - -1).
5
Evaluate 5 + -2 + -4 + 3 + 2.
4
What is (-24 - (-13 + -5)) + (0 - -3)?
-3
Evaluate 13 + -11 + 12 + -8.
6
Calculate -4 - ((8 - 6) + -11).
5
Calculate 1 - 2 - (-1 + 0).
0
Calculate (-1 + -1 + -3 - -13) + -7.
1
What is the value of 0 + 4 + (-4 - -6) - -2?
8
Calculate 6 + 0 + (-4 - 2).
0
What is the value of 1 + (1 + 1 - (-2 - 0))?
5
9 + -5 + -1 - (-1 - -5)
-1
What is the value of -2 - ((-7 - (-5 - -2)) + -1)?
3
What is 42 - 39 - (1 + 5)?
-3
What is 1 + -8 + (-7 - (12 - 19))?
-7
Evaluate 3 + (0 + (1 - -2) - 5).
1
What is the value of 1 - 4 - (-26 + 27)?
-4
Calculate (7 - 6) + (3 - 4).
0
What is the value of 0 + -3 - -3 - 0?
0
-5 - (-2 - -1 - (1 - -7))
4
What is the value of (-13 - -8) + (-3 - -2)?
-6
What is 56 + -53 + (-7 - 3)?
-7
What is 12 + (-10 - -4) - 7?
-1
What is the value of 0 + (6 - (1 + 8))?
-3
What is the value of (-4 + 0 - -1) + 3?
0
What is the value of 12 + -7 + -8 + 1?
-2
What is the value of (5 + -11 - -2) + (-5 - -1)?
-8
Calculate -1 - (0 - -1 - (-2 + 4)).
0
Evaluate 5 + (0 - (5 - 3)) - -7.
10
What is the value of -4 - (-2 - (-3 + (2 - -2)